ions digit of 5127808?
5
What is the units digit of 1054464?
4
What is the hundreds digit of 25951?
9
What is the units digit of 267329?
9
What is the tens digit of 440807?
0
What is the hundred thousands digit of 3390215?
3
What is the units digit of 23279386?
6
What is the hundreds digit of 70668?
6
What is the tens digit of 136370?
7
What is the hundred thousands digit of 9957985?
9
What is the hundreds digit of 3013651?
6
What is the units digit of 597263?
3
What is the units digit of 951430?
0
What is the thousands digit of 235018?
5
What is the millions digit of 11381656?
1
What is the thousands digit of 1906503?
6
What is the hundred thousands digit of 367910?
3
What is the tens digit of 14075075?
7
What is the hundred thousands digit of 3461104?
4
What is the millions digit of 6378906?
6
What is the hundred thousands digit of 6391777?
3
What is the hundreds digit of 117203?
2
What is the units digit of 4630503?
3
What is the units digit of 21350597?
7
What is the tens digit of 452457?
5
What is the thousands digit of 769402?
9
What is the tens digit of 2265980?
8
What is the tens digit of 839200?
0
What is the thousands digit of 1802986?
2
What is the ten thousands digit of 8189844?
8
What is the units digit of 573276?
6
What is the units digit of 543527?
7
What is the tens digit of 2888119?
1
What is the tens digit of 240100?
0
What is the ten thousands digit of 10531333?
3
What is the millions digit of 5504366?
5
What is the thousands digit of 1844476?
4
What is the millions digit of 3074986?
3
What is the ten millions digit of 11328576?
1
What is the units digit of 13664929?
9
What is the units digit of 234854?
4
What is the ten thousands digit of 3496839?
9
What is the ten thousands digit of 331351?
3
What is the tens digit of 20166536?
3
What is the units digit of 129598?
8
What is the units digit of 520156?
6
What is the tens digit of 197919?
1
What is the hundred thousands digit of 616108?
6
What is the ten thousands digit of 253451?
5
What is the thousands digit of 761040?
1
What is the tens digit of 56226?
2
What is the thousands digit of 559303?
9
What is the hundreds digit of 296282?
2
What is the hundreds digit of 350286?
2
What is the tens digit of 298107?
0
What is the hundreds digit of 905310?
3
What is the millions digit of 3339060?
3
What is the units digit of 218091?
1
What is the tens digit of 536055?
5
What is the units digit of 11471079?
9
What is the millions digit of 1056477?
1
What is the units digit of 759667?
7
What is the tens digit of 112083?
8
What is the hundred thousands digit of 225389?
2
What is the thousands digit of 310604?
0
What is the thousands digit of 1444384?
4
What is the hundreds digit of 120849?
8
What is the hundreds digit of 403148?
1
What is the thousands digit of 2514889?
4
What is the hundreds digit of 2359331?
3
What is the units digit of 210238?
8
What is the hundreds digit of 24836256?
2
What is the millions digit of 1266515?
1
What is the hundreds digit of 148190?
1
What is the ten thousands digit of 237516?
3
What is the hundred thousands digit of 618872?
6
What is the thousands digit of 265240?
5
What is the tens digit of 312969?
6
What is the thousands digit of 35180?
5
What is the ten millions digit of 18479799?
1
What is the hundreds digit of 11045979?
9
What is the hundreds digit of 6984563?
5
What is the millions digit of 20758320?
0
What is the units digit of 1643835?
5
What is the ten millions digit of 10163125?
1
What is the tens digit of 3975122?
2
What is the hundreds digit of 291670?
6
What is the units digit of 317843?
3
What is the tens digit of 81885?
8
What is the ten thousands digit of 9825236?
2
What is the tens digit of 6706077?
7
What is the thousands digit of 5735514?
5
What is the tens digit of 447646?
4
What is the ten thousands digit of 72897?
7
What is the hundred thousands digit of 606189?
6
What is the thousands digit of 5273276?
3
What is the hundred thousands digit of 12177517?
1
What is the hundred thousands digit of 4716144?
7
What is the hundreds digit of 171732?
7
What is the thousands digit of 683305?
3
What is the millions digit of 12562869?
2
What is the ten thousands digit of 1974626?
7
What is the ten thousands digit of 2230867?
3
What is the millions digit of 3222527?
3
What is the thousands digit of 372901?
2
What is the units digit of 383767?
7
What is the tens digit of 2814706?
0
What is the units digit of 1322813?
3
What is the units digit of 194155?
5
What is the units digit of 3414556?
6
What is the hundred thousands digit of 6099681?
0
What is the tens digit of 854334?
3
What is the thousands digit of 82061?
2
What is the ten thousands digit of 240051?
4
What is the millions digit of 2006135?
2
What is the thousands digit of 4114473?
4
What is the units digit of 12050893?
3
What is the hundred thousands digit of 340705?
3
What is the thousands digit of 4432011?
2
What is the units digit of 723750?
0
What is the ten thousands digit of 85560?
8
What is the hundred thousands digit of 564166?
5
What is the hundreds digit of 1125702?
7
What is the ten thousands digit of 310551?
1
What is the ten millions digit of 26086894?
2
What is the thousands digit of 3116042?
6
What is the hundred thousands digit of 1843378?
8
What is the hundred thousands digit of 42994619?
9
What is the ten thousands digit of 24926815?
2
What is the units digit of 1787594?
4
What is the hundred thousands digit of 10880753?
8
What is the tens digit of 5097506?
0
What is the hundreds digit of 23395471?
4
What is the units digit of 15806423?
3
What is the thousands digit of 268941?
8
What is the units digit of 499665?
5
What is the thousands digit of 66030?
6
What is the thousands digit of 2166551?
6
What is the hundred thousands digit of 610839?
6
What is the ten thousands digit of 24564339?
6
What is the tens digit of 234069?
6
What is the ten thousands digit of 162515?
6
What is the hundreds digit of 20187058?
0
What is the millions digit of 4745438?
4
What is the hundred thousands digit of 2921802?
9
What is the ten millions digit of 30176688?
3
What is the hundred thousands digit of 361929?
3
What is the tens digit of 11924247?
4
What is the thousands digit of 21211?
1
What is the hundreds digit of 4570?
5
What is the ten thousands digit of 4544445?
4
What is the tens digit of 738349?
4
What is the units digit of 686064?
4
What is the thousands digit of 881953?
1
What is the hundreds digit of 4352842?
8
What is the units digit of 12480750?
0
What is the thousands digit of 1361393?
1
What is the millions digit of 1609904?
1
What is the tens digit of 86455?
5
What is the units digit of 29280?
0
What is the hundreds digit of 597212?
2
What is the ten thousands digit of 33808?
3
What is the hundreds digit of 383710?
7
What is the units digit of 2845339?
9
What is the thousands digit of 4411964?
1
What is the hundred thousands digit of 451057?
4
What is the hundreds digit of 1980200?
2
What is the ten thousands digit of 2189841?
8
What is the units digit of 66360?
0
What is the units digit of 89209?
9
What is the thousands digit of 4821901?
1
What is the hundreds digit of 670062?
0
What is the millions digit of 1224429?
1
What is the hundred thousands digit of 28024587?
0
What is the units digit of 2301251?
1
What is the units digit of 308181?
1
What is the tens digit of 278867?
6
What is the tens digit of 7860519?
1
What is the tens digit of 1924056?
5
What is the ten thousands digit of 134571?
3
What is the tens digit of 1648578?
7
What is the hundreds digit of 376601?
6
What is the units digit of 252268?
8
What is the hundred thousands digit of 199595?
1
What is the ten thousands digit of 6215753?
1
What is the ten thousands digit of 449142?
4
What is the tens digit of 3063289?
8
What is the hundreds digit of 171430?
4
What is the units digit of 88928?
8
What is the hundreds digit of 10250210?
2
What is the thousands digit of 4205332?
5
What is the ten thousands digit of 237923?
3
What is the tens digit of 427158?
5
What is the units digit of 110021?
1
What is the hundreds digit of 241990?
9
What is the ten thousands digit of 88165?
8
What is the units digit of 193245?
5
What is the hundreds digit of 2049445?
4
What is the millions digit of 1378290?
1
What is the 